0 is divided by 20926?
684
What is the remainder when 1279 is divided by 310?
39
Calculate the remainder when 14255 is divided by 2072.
1823
Calculate the remainder when 5163 is divided by 5.
3
Calculate the remainder when 32116 is divided by 51.
37
Calculate the remainder when 1827 is divided by 149.
39
What is the remainder when 311419 is divided by 263?
27
Calculate the remainder when 33598 is divided by 16.
14
What is the remainder when 4026 is divided by 283?
64
What is the remainder when 14750 is divided by 2456?
14
Calculate the remainder when 1113 is divided by 1080.
33
What is the remainder when 131070 is divided by 510?
0
What is the remainder when 4722 is divided by 774?
78
Calculate the remainder when 143191 is divided by 143150.
41
What is the remainder when 14560 is divided by 231?
7
What is the remainder when 4433 is divided by 2?
1
Calculate the remainder when 1346701 is divided by 24.
13
What is the remainder when 87574 is divided by 932?
898
Calculate the remainder when 2538 is divided by 730.
348
Calculate the remainder when 37557 is divided by 9366.
93
What is the remainder when 37537 is divided by 191?
101
Calculate the remainder when 235 is divided by 190.
45
What is the remainder when 376911 is divided by 40?
31
Calculate the remainder when 718216 is divided by 840.
16
Calculate the remainder when 141346 is divided by 4038.
16
What is the remainder when 73620 is divided by 1067?
1064
What is the remainder when 74606 is divided by 74550?
56
What is the remainder when 4315 is divided by 398?
335
Calculate the remainder when 1377681 is divided by 4226.
5
Calculate the remainder when 1138295 is divided by 258.
257
Calculate the remainder when 1549903 is divided by 7045.
3
Calculate the remainder when 15203 is divided by 1162.
97
Calculate the remainder when 103033 is divided by 160.
153
Calculate the remainder when 18667 is divided by 4664.
11
What is the remainder when 45650 is divided by 537?
5
What is the remainder when 2173 is divided by 489?
217
What is the remainder when 131444 is divided by 25?
19
Calculate the remainder when 916 is divided by 84.
76
What is the remainder when 6423 is divided by 793?
79
Calculate the remainder when 8313 is divided by 3949.
415
What is the remainder when 27163 is divided by 44?
15
What is the remainder when 242423 is divided by 72?
71
Calculate the remainder when 9673 is divided by 29.
16
Calculate the remainder when 107881 is divided by 26940.
121
What is the remainder when 60008 is divided by 8?
0
What is the remainder when 731135 is divided by 57?
53
Calculate the remainder when 25337 is divided by 686.
641
What is the remainder when 2220 is divided by 547?
32
Calculate the remainder when 174472 is divided by 2726.
8
Calculate the remainder when 2543 is divided by 319.
310
Calculate the remainder when 119881 is divided by 14984.
9
Calculate the remainder when 118409 is divided by 118.
55
What is the remainder when 22149 is divided by 50?
49
What is the remainder when 12113 is divided by 2742?
1145
Calculate the remainder when 20136 is divided by 325.
311
What is the remainder when 138797 is divided by 121?
10
Calculate the remainder when 4066 is divided by 820.
786
Calculate the remainder when 256739 is divided by 111.
107
What is the remainder when 30323 is divided by 84?
83
What is the remainder when 77403 is divided by 5?
3
What is the remainder when 5184 is divided by 57?
54
Calculate the remainder when 13973 is divided by 2474.
1603
What is the remainder when 467994 is divided by 195?
189
What is the remainder when 132043 is divided by 595?
548
What is the remainder when 312502 is divided by 24?
22
Calculate the remainder when 5636 is divided by 135.
101
Calculate the remainder when 15903 is divided by 55.
8
Calculate the remainder when 824490 is divided by 66.
18
Calculate the remainder when 7050 is divided by 352.
10
What is the remainder when 38477 is divided by 542?
537
Calculate the remainder when 78251 is divided by 47.
43
Calculate the remainder when 89 is divided by 62.
27
Calculate the remainder when 162784 is divided by 46.
36
What is the remainder when 183308 is divided by 3666?
8
What is the remainder when 1061 is divided by 14?
11
What is the remainder when 8625 is divided by 38?
37
Calculate the remainder when 16082 is divided by 350.
332
Calculate the remainder when 1691 is divided by 422.
3
Calculate the remainder when 311 is divided by 203.
108
Calculate the remainder when 1551 is divided by 1450.
101
Calculate the remainder when 176 is divided by 126.
50
Calculate the remainder when 24464 is divided by 940.
24
Calculate the remainder when 114370 is divided by 21.
4
What is the remainder when 2925 is divided by 560?
125
Calculate the remainder when 8371 is divided by 604.
519
What is the remainder when 7254 is divided by 173?
161
What is the remainder when 10571 is divided by 893?
748
What is the remainder when 12642 is divided by 745?
722
Calculate the remainder when 27315 is divided by 1809.
180
What is the remainder when 68862 is divided by 159?
15
What is the remainder when 19694 is divided by 9687?
320
What is the remainder when 15475 is divided by 281?
20
Calculate the remainder when 20873 is divided by 690.
173
Calculate the remainder when 71309 is divided by 12.
5
What is the remainder when 7039 is divided by 55?
54
Calculate the remainder when 19759 is divided by 244.
239
Calculate the remainder when 6954 is divided by 213.
138
Calculate the remainder when 303322 is divided by 86.
0
What is the remainder when 187834 is divided by 478?
458
Calculate the remainder when 3087 is divided by 3056.
31
What is the remainder when 47561 is divided by 50?
11
What is the remainder when 100546 is divided by 76?
74
Calculate the remainder when 550 is divided by 270.
10
What is the remainder when 4803 is divided by 264?
51
Calculate the remainder when 919999 is divided by 500.
499
Calculate the remainder when 1366 is divided by 426.
88
What is the remainder when 1108 is divided by 87?
64
Calculate the remainder when 19950 is divided by 174.
114
Calculate the remainder when 188310 is divided by 26889.
87
Calculate the remainder when 5159 is divided by 5087.
72
Calculate the remainder when 33545 is divided by 16766.
13
Calculate the remainder when 3170781 is divided by 11.
9
Calculate the remainder when 97044 is divided by 410.
284
Calculate the remainder when 28974 is divided by 25.
24
Calculate the remainder when 123299 is divided by 30816.
35
Calculate the remainder when 23441 is divided by 1953.
5
What is the remainder when 33909 is divided by 169?
109
What is the remainder when 10515 is divided by 656?
19
Calculate the remainder when 1384 is divided by 501.
382
Calculate the remainder when 171432 is divided by 165.
162
Calculate the remainder when 108834 is divided by 108796.
38
What is the remainder when 14897 is divided by 72?
65
What is the remainder when 36092 is divided by 78?
56
Calculate the remainder when 9371 is divided by 4682.
7
Calculate the remainder when 74768 is divided by 277.
255
What is the remainder when 91621 is divided by 7047?
10
What is the remainder when 2795 is divided by 14?
9
Calculate the remainder when 2022 is divided by 308.
174
What is the remainder when 3382 is divided by 342?
304
Calculate the remainder when 1833 is divided by 262.
261
Calculate the remainder when 10956 is divided by 157.
123
What is the remainder when 7245 is divided by 12?
9
Calculate the remainder when 6574 is divided by 2155.
109
What is the remainder when 11375 is divided by 228?
203
What is the remainder when 217 is divided by 85?
47
What is the remainder when 503 is divided by 242?
19
What is the remainder when 7672 is divided by 858?
808
What is the remainder when 613 is divided by 55?
8
Calculate the remainder when 51132 is divided by 213.
12
What is the remainder when 13357 is divided by 1318?
177
What is the remainder when 3262171 is divided by 18?
13
Calculate the remainder when 77719 is divided by 159.
127
What is the remainder when 3175 is divided by 614?
105
Calculate the remainder when 6603 is divided by 2116.
255
What is the remainder when 2555 is divided by 629?
39
What is the remainder when 476 is divided by 121?
113
Calculate the remainder 